5) in base 11?
-4a9309
Convert -37546a (base 12) to base 5.
-212312241
-1124021 (base 6) to base 10
-57901
Convert 12a211 (base 15) to base 2.
11011010011101111001
-5577008 (base 10) to base 5
-2411431013
What is -21111021012120 (base 3) in base 15?
-539949
What is 285006a (base 14) in base 3?
1100210102211020
What is 11100000101001011 (base 2) in base 13?
40478
Convert 1001000110101110 (base 2) to base 4.
21012232
Convert 1011110011101011101100 (base 2) to base 16.
2f3aec
What is -7767155 (base 8) in base 15?
-2b50a3
What is -1a23740 (base 14) in base 12?
-44279b8
Convert 204403 (base 7) to base 6.
430521
Convert -22120021122 (base 3) to base 13.
-5b988
2222102032 (base 4) to base 11
437039
Convert 12112244 (base 5) to base 3.
12202121211
What is -15325123 (base 8) in base 11?
-1a92423
443303 (base 6) to base 14
d703
-8cc239 (base 15) to base 2
-11001101001011110110000
41001 (base 12) to base 15
1a14d
-3430021 (base 6) to base 10
-174973
What is -31370 (base 10) in base 4?
-13222022
40234561 (base 7) to base 4
30232213021
What is 113503344 (base 6) in base 11?
1231223
What is -15455042 (base 6) in base 7?
-4456025
What is -539433 (base 10) in base 9?
-1011860
33b3c (base 13) to base 15
1cd8e
Convert 100200212212 (base 3) to base 13.
68b88
Convert -2021400 (base 7) to base 12.
-b7313
289480 (base 13) to base 10
991627
-803555 (base 9) to base 10
-475034
62abb1 (base 13) to base 12
934185
-11011100010110010011000 (base 2) to base 16
-6e2c98
What is 201110122012 (base 3) in base 15?
7880e
26161 (base 8) to base 10
11377
Convert -248c30 (base 14) to base 12.
-5055b6
21c410 (base 15) to base 12
658206
Convert -10144452 (base 6) to base 8.
-1076060
b1d243 (base 14) to base 4
112312203023
11010111000000100010 (base 2) to base 8
3270042
What is 2554234 (base 7) in base 5?
41122313
What is -14111b8 (base 12) in base 7?
-46014434
12202141033 (base 5) to base 14
1cd2943
-97902 (base 14) to base 16
-5987e
Convert -431050 (base 8) to base 15.
-2c992
-3265a8 (base 11) to base 10
-521144
89242 (base 13) to base 11
15a8a9
-1762b9 (base 12) to base 15
-7ee06
958556 (base 10) to base 2
11101010000001011100
1d1730 (base 15) to base 11
891818
Convert 11024303220 (base 5) to base 9.
24428558
What is 2235881 (base 11) in base 7?
45202262
41a616 (base 11) to base 5
133013043
What is 21110221002102 (base 3) in base 12?
13b8125
What is 96248 (base 16) in base 7?
5140646
84271 (base 12) to base 14
47177
-131021330 (base 4) to base 2
-11101001001111100
-85811b (base 16) to base 3
-121110111211121
What is -5043515 (base 7) in base 14?
-1184b5
Convert -60c86 (base 14) to base 8.
-707006
What is -2141037 (base 8) in base 11?
-362273
Convert -90445 (base 10) to base 8.
-260515
Convert 94031 (base 10) to base 16.
16f4f
-214812 (base 10) to base 7
-1553163
Convert -150362014 (base 7) to base 16.
-97cb88
What is -10335035 (base 6) in base 7?
-2422463
Convert -186519 (base 10) to base 13.
-66b88
Convert 333a9e (base 15) to base 10.
2442524
Convert 21011202210011 (base 3) to base 4.
32203021102
What is adb150 (base 15) in base 4?
133213300110
-2854b8 (base 16) to base 13
-7170a7
Convert 92a44 (base 13) to base 14.
6bcb3
-50bb7 (base 13) to base 12
-6b97a
Convert 23143131 (base 6) to base 15.
e161d
-111001011100101 (base 2) to base 15
-8aad
Convert -122043024 (base 5) to base 12.
-24029a
-116441343 (base 7) to base 9
-14774826
-10021 (base 14) to base 15
-b5d0
Convert -10c90d1 (base 14) to base 10.
-8015407
-120334101 (base 5) to base 14
-107839
Convert 11011111000000100111011 (base 2) to base 5.
3332320304
Convert -67926 (base 12) to base 16.
-21a6e
-c5cf25 (base 16) to base 14
-1a164cd
What is -499910 (base 10) in base 8?
-1720306
Convert 212356 (base 9) to base 7.
1034355
What is -1010111011011000 (base 2) in base 11?
-306a1
Convert a6b083 (base 13) to base 7.
45136151
222210233 (base 5) to base 2
11101110001101001101
What is 431142 (base 5) in base 8?
34323
Convert 3b146 (base 14) to base 11.
9a506
What is -10603466 (base 7) in base 4?
-3201333122
What is 111013001 (base 4) in base 2?
10101000111000001
71550 (base 12) to base 13
52296
-1312036 (base 8) to base 9
-616450
Convert 110101001100101001 (base 2) to base 7.
1565161
What is 618325 (base 10) in base 5?
124241300
What is -2caa9 (base 15) in base 13?
-50802
13461146 (base 7) to base 15
19cd85
What is -19895b4 (base 12) in base 13?
-1174582
What is 412011052 (base 6) in base 3?
111100101010012
1020210112 (base 3) to base 4
12000332
What is -2102353 (base 6) in base 11?
-6a41a
Convert -609d35 (base 14) to base 13.
-89c2aa
40313462 (base 8) to base 3
120222111000000
-3636346 (base 10) to base 2
-1101110111110001111010
537444 (base 8) to base 11
113270
What is 74db6 (base 14) in base 9?
470575
What is 12645100 (base 8) in base 12?
b49994
What is 42564656 (base 7) in base 16?
376232
-9858a (base 11) to base 6
-3022332
199413 (base 13) to base 16
9e667
282aa71 (base 11) to base 3
100011200210202
Convert -162053 (base 9) to base 5.
-11144141
1a28307 (base 11) to base 8
15034243
Convert 432410043 (base 5) to base 6.
103244225
-101010100000010001110 (base 2) to base 11
-871466
-466606 (base 16) to base 8
-21463006
Convert 23099 (base 10) to base 4.
11220323
-4867832 (base 9) to base 7
-31316264
4106702 (base 8) to base 3
2001010011020
What is -461556 (base 11) in base 12?
-2b4967
What is 1086785 (base 14) in base 3?
112210001210011
-985ef (base 16) to base 3
-1011201010020
-5265 (base 16) to base 4
-11021211
Convert -32012311020 (base 4) to base 9.
-6855620
-610be (base 15) to base 14
-7ddc4
What is -14012430 (base 5) in base 4?
-202210233
Convert -100010111100011010 (base 2) to base 12.
-6a9b6
Convert -7420755 (base 8) to base 7.
-22533222
Convert 12104312124 (base 5) to base 7.
231101520
-250da0 (base 14) to base 10
-1270416
Convert -65cab6 (base 16) to base 4.
-121130222312
-184239 (base 10) to base 2
-101100111110101111
What is -456263b (base 12) in base 15?
-1280b1e
-598394 (base 12) to base 5
-332221102
Convert 31796f (base 16) to base 6.
153254515
What is 12515301 (base 9) in base 11?
3521825
-33ba08 (base 13) to base 5
-303203202
What is 6b6b2b (base 12) in base 14?
331831
Convert 101100110000000001000 (base 2) to base 10.
1466376
What is -10100010101110010101110 (base 2) in base 4?
-110111302232
-188710 (base 14) to base 12
-35a722
Convert -10a05a (base 13) to base 2.
-1100000000001111010
Convert 1304640 (base 8) to base 3.
200102211012
1dd2c7 (base 15) to base 10
1462012
What is -5557060 (base 8) in base 3?
-2211010210101
Convert -87a487 (base 11) to base 3.
-2122101000001
What is 2751041 (base 8) in base 2?
10111101001000100001
What is -2068a0 (base 12) in base 2?
-1111100010101111000
23222014 (base 5) to base 15
4273e
Convert 30202310 (base 5) to base 10.
240955
-23031013023 (base 4) to base 7
-33652350
What is 164a70 (base 14) in base 7?
6433000
-e07262 (base 15) to base 12
-369a3b5
What is 6dd432 (base 14) in base 11?
21400a5
What is 70321 (base 12) in base 14?
3b0c9
What is 211411314 (base 6) in base 4?
32023312132
Convert 8a09 (base 14) to base 12.
11a15
-6b5cfb (base 16) to base 5
-3300124110
Convert 17387 (base 11) to base 8.
57540
Convert -41031441 (base 8) to base 15.
-b620e6
Convert -4542025 (base 6) to base 3.
-102202001122
What is -454600 (base 11) in base 4?
-2300220003
Convert -654435 (base 10) to base 14.
-1306d5
What is -220100201201010 (base 3) in base 9?
-26321633
What is 28bd4 (base 16) in base 12?
80698
What is 2a1627 (base 12) in base 4?
2230300333
What is 183ac (base 15) in base 2?
10011001001111110
12010032310 (base 4) to base 8
6041664
What is -2110102111122 (base 3) in base 4?
-10333031021
-1001100111001010 (base 2) to base 12
-1a94a
Convert 614159 (base 10) to base 3.
1011012110122
12202122221212 (base 3) to base 6
145400552
Convert -12210342 (base 5) to base 3.
-12220121011
What is -544430 (base 12) in base 5?
-320202003
10115006 (base 10) to base 11
5789610
Convert -616186 (base 10) to base 5.
-124204221
What is 62b94 (base 12) in base 10?
129568
What is 509850 (base 12) in base 13?
351c12
What is 1d82b (base 16) in base 5?
12332000
What is 250b864 (base 13) in base 12?
3a438b0
2ff1f (base 16) to base 10
196383
What is -29d00 (base 16) in base 12?
-83140
Convert 10213500 (base 6) to ba